9 = 5*n - 144. What is the remainder when n is divided by 53?
28
What is the remainder when (-6)/378*-138*12*7 is divided by 37?
36
Calculate the remainder when 19 is divided by (-10)/25*-5*5.
9
Suppose -46*q + 2436 + 13164 = 29*q. Let l = 23 + -8. Calculate the remainder when q is divided by l.
13
Suppose 5*t - 40 = 4*y, -4*t + 5*y + 37 = -4. Let j be ((-8)/5)/(1/360). What is the remainder when 55 is divided by t/(-10) + j/(-40)?
13
Suppose -14*y = -10*y - 8. Suppose -y*b + 27 = -b. Calculate the remainder when b is divided by 7.
6
Let d(f) = f**2 + 7*f - 4. Let h be d(-6). Let t be (-2)/(-10) - 2992/(-40). Let k = t + h. Calculate the remainder when k is divided by 17.
14
Let y = 388 - 349. Calculate the remainder when y is divided by 20.
19
Let v = -3 - -6. Suppose 2*l - 5*l = 6, -v*h - 4*l = -241. Calculate the remainder when h is divided by 43.
40
Let a(j) = 37*j**2 + 6*j + 4. Suppose -101 - 193 = -3*y. What is the remainder when y is divided by a(-1)?
28
Suppose -13*v - 148 = -14*v. Suppose -3*c + 5*n + 3 = -142, -c = 5*n - 55. Calculate the remainder when v is divided by c.
48
What is the remainder when 83 is divided by (-7 + 14)/(-7) + 13*1?
11
Let z = 242 - 219. Calculate the remainder when 31 is divided by z.
8
Suppose 5*j - 53 = 7. What is the remainder when 295 is divided by j?
7
Let x(l) = -l**2 + 80*l + 857. What is the remainder when x(73) is divided by 10?
8
Suppose 5*p - 1335 = -0*p. Suppose 8*w = -4*w + 648. Calculate the remainder when p is divided by w.
51
Suppose -3*z - 52 = -4*t + 15, z - 2*t + 25 = 0. Let b(g) = g**3 + 16*g**2 - 17*g + 5. Calculate the remainder when 24 is divided by b(z).
4
Let t = 3 - -21. Let m be ((1000/(-12))/5)/((-1)/(-3)). Let o = t - m. What is the remainder when o is divided by 25?
24
Suppose -4*a - 14 + 6 = 0. Calculate the remainder when 16 - 21/7*a/6 is divided by 3.
2
Suppose -38 = -2*b + 428. Calculate the remainder when b is divided by 16.
9
Let b = 300 - 276. Suppose -3*g + 455 = 2*g. What is the remainder when g is divided by b?
19
Calculate the remainder when 16 is divided by 8*((-195)/(-40))/13 + 3.
4
Let t(q) = -4*q - 3*q - 14 - q + 3*q. Let s(p) = -11*p - 29. Let j(m) = 6*s(m) - 13*t(m). Calculate the remainder when 13 is divided by j(0).
5
Calculate the remainder when 167 is divided by (-123)/(-7) - (240/(-35))/(-12).
14
Suppose 130 = 5*x + 8*x. Suppose 3*s - 4*a + 2060 = -s, -2*s = a + 1030. What is the remainder when (-2)/9 - s/9 is divided by x?
7
Let g(u) = -u**3 + 9*u**2 + 7*u - 2. Calculate the remainder when 291 is divided by g(9).
47
Let p = 327 - 327. Let o(d) be the first derivative of -d**3/3 + 2*d - 1. What is the remainder when o(p) is divided by 2?
0
Suppose 4*b - 8 = 0, 6*j - 3*j + 3*b = 129. Let t = j - 27. Calculate the remainder when t is divided by 1 - -3 - (2 + -2).
2
Suppose -5*w = 0, n - w - 7 - 34 = 0. What is the remainder when 78 is divided by n?
37
Let s = 10 + 18. Let g = s + -23. What is the remainder when 12 is divided by g?
2
Suppose 52*a - 10 = 47*a. Suppose 0 = q - 3, -a*q - 107 = -4*l - 3*q. Let h = -7 - -17. What is the remainder when l is divided by h?
6
Let c(d) = -d**2 - 4*d - 2. Let y be c(-2). Let u(s) = 11*s - 5. What is the remainder when u(y) is divided by 9?
8
Suppose -359 = -2*o - 19. Suppose -o = 2*a - 7*a. Let l = 55 + -46. Calculate the remainder when a is divided by l.
7
Suppose 5*d - 4*k = -38, -2*d + k + 2 - 16 = 0. What is the remainder when d/1*(-2)/((-20)/(-45)) is divided by 10?
7
Suppose -165 = 68*t - 71*t. Calculate the remainder when t is divided by 22.
11
Let k(q) = -q**2 + 16*q + 11. Let t be k(16). Let m = 21 - t. What is the remainder when m is divided by 4?
2
Suppose 26*z - 321 = 563. What is the remainder when 132 is divided by z?
30
Let u = -2 - -4. Suppose 3*z = -u*h + 40, 5*h - 38 = -4*z + 55. What is the remainder when 26 is divided by h?
9
Suppose 3*o = -o - 84. Let t = o + 27. What is the remainder when 64/3 + (-2)/(-3) is divided by t?
4
Let v = -24128 - -24140. Let a = -230 + 348. Calculate the remainder when a is divided by v.
10
Let p(m) = m**3 - 3*m**2 - 6*m - 2. Let f(s) = -4*s + 20. Let n be f(0). Let t = n - 15. Calculate the remainder when p(5) is divided by t.
3
Suppose 0 = -7*j + 9 + 33. Calculate the remainder when j is divided by 4.
2
Suppose -3*y + 6 = 0, -6*f + f - 4*y + 63 = 0. What is the remainder when 20 is divided by f?
9
Let k = -45 + 69. Calculate the remainder when 215 is divided by k.
23
Let o = -14 + 33. Let r = o - 15. Calculate the remainder when r is divided by 4.
0
Let j be (2 + 2 + -1)*9. Let y = j + 26. What is the remainder when y is divided by 14?
11
Suppose -159*a = -152*a + 1421. Let p = -124 - a. Calculate the remainder when p is divided by (-1*1)/((-1)/27).
25
Let n be 4 + 763/1 + -4. Suppose -q = -8*q + n. Calculate the remainder when q is divided by 14.
11
Let r(b) = -3*b**2 - 40*b - 14. What is the remainder when 247 is divided by r(-12)?
9
Let h = -81 + 96. Let q = 53 - 25. What is the remainder when q is divided by h?
13
Let q = 2719 + -2600. Calculate the remainder when q is divided by 20.
19
Let g = 193 - 158. What is the remainder when 64 is divided by g?
29
Suppose 0*r - 5 = -4*r + v, 2*v = 6. Let w be r/11 - (-12)/(-66). Suppose -3*a + 12 = -w*a. What is the remainder when 11 is divided by a?
3
Let d = 203 + -109. Calculate the remainder when d is divided by 36.
22
What is the remainder when 520 is divided by (-2012)/(-8) + 6 - (-8)/(-16)?
6
Let v = 33 + -7. Suppose x = -600 + 605. Calculate the remainder when v is divided by x.
1
Suppose -10*o + 15*o - 330 = 0. Let q = 180 - 49. What is the remainder when q is divided by o?
65
Let n(m) = -2*m + 8. Let z be n(12). Let o = z - -18. Calculate the remainder when o is divided by 1.
0
Let z(c) = -c**2 + 7*c + 2. Let v(j) = j**3 - 22*j**2 - 10*j - 252. What is the remainder when v(23) is divided by z(5)?
11
Let i(n) = 20*n**2. Let w = -132 + 140. Calculate the remainder when i(-1) is divided by w.
4
Suppose -2*a + a - 60 = -5*n, 2*n = 4*a + 168. Let f = a - -54. What is the remainder when 25 is divided by f?
11
Let q = -17 + 20. Suppose 5*a - l = 4*l + 360, -2*l + 216 = q*a. What is the remainder when a is divided by 19?
15
Suppose -4*t = -0*w - 4*w - 36, -2*t + 4*w = -14. Let o = 346 + -259. What is the remainder when o is divided by t?
10
Let h(s) = -s**3 + 4*s**2 - 2*s - 2. Suppose r + 60 = 4*r. Suppose -19*n - 2 = -r*n. Calculate the remainder when h(n) is divided by 1.
0
Let q = 38 + -23. Let y(k) = -2*k**2 - 7*k + 6. Let r be y(-4). Suppose -x - 4*n = -28, x - 30 + r = 5*n. What is the remainder when x is divided by q?
13
Suppose 24*j - 22*j = -5*o + 789, 3*o = -2*j + 795. What is the remainder when j is divided by 144?
114
What is the remainder when ((-31)/4)/((-16)/64) is divided by 9?
4
Let o(l) = 4*l**2 - 5*l - 18. Calculate the remainder when 263 is divided by o(-4).
65
Let v(q) = 2*q**2 + 5*q - 5. Let y = 19 + 5. Suppose z = 4*o + y, 0 = -5*o - z - 2*z - 13. What is the remainder when v(o) is divided by 11?
9
Let z be (21/(-9))/((-3)/(-9)). Let o be -2 + 38 + (-3 - z). Let x = -21 + o. What is the remainder when x is divided by 7?
5
Suppose 33*w - 1672 = 968. Calculate the remainder when w is divided by 27.
26
Let n(b) = 10 - b**3 - 1 + 0*b**3 - 2*b - 7*b**2. Let o be (18/27)/(6/(-63)). What is the remainder when 66 is divided by n(o)?
20
Let p(o) = 3*o**2 - o + 2. Let t be p(-2). Let k = t + -15. Suppose -q + 15 = -k. Calculate the remainder when q is divided by 6.
4
What is the remainder when 4/5*(-6095)/(-46) is divided by 54?
52
Calculate the remainder when (5/10)/((-109)/(-108) + -1) is divided by 12.
6
What is the remainder when 83 is divided by ((-3)/9)/(5/(-3225)*5)?
40
Suppose -12 = -l - 3. Let h(w) = -1 + 7*w - 19 + 7 + 3. Calculate the remainder when h(l) is divided by 14.
11
Suppose b - 5*b + 2*y - 2 = 0, 4*y = -b - 23. Let v be (3/4)/(b/600). Calculate the remainder when 97 is divided by (6/(-9))/(4/v).
22
Let y(b) = -2*b**3 + 2*b**2 - 8*b - 29. Calculate the remainder when 2825 is divided by y(-2).
9
Let l(q) = -3 + q**2 + 7 - q + 5*q. Let o = -1200 + 1205. Calculate the remainder when l(-5) is divided by o.
4
Let v(i) = -i**3 + 7*i**2 + 10. Calculate the remainder when 22 is divided by v(7).
